{"id":1221,"date":"2025-06-27T21:03:33","date_gmt":"2025-06-28T00:03:33","guid":{"rendered":"https:\/\/temktemx.com.br\/home\/?page_id=1221"},"modified":"2025-06-27T21:03:33","modified_gmt":"2025-06-28T00:03:33","slug":"perguntas-frequentes","status":"publish","type":"page","link":"https:\/\/temktemx.com.br\/home\/perguntas-frequentes\/","title":{"rendered":"Perguntas Frequentes"},"content":{"rendered":"<div class=\"theme-title\"><strong style=\"font-size: 1.5em;\"><em>PERGUNTAS FREQUENTES DAS POMADAS ANEST\u00c9SICAS<\/em><\/strong><\/div>\n<div class=\"editor-theme\">\n<h3><em>Como usar a pomada Tktx (Pomadas Anest\u00e9sicas)\u00a0corretamente?<\/em><\/h3>\n<p>\u2014 Esfoliar a pele e limpar a \u00e1rea que vai receber o procedimento com \u00c1lcool 70. E depois seque a \u00e1rea completamente.<\/p>\n<p>&#8211; Aplique uma abund\u00e2ncia a\u00a0&#8220;TKTX&#8221; na \u00e1rea, n\u00e3o esfregue. A dosagem de &#8220;TKTX&#8221; \u00e9 de 10g para uma \u00e1rea de 15 * 15cm para fazer o efeito prometido.<\/p>\n<p>\u2014 Cubra o creme com filme pl\u00e1stico. Fazer uma compressa de pano com \u00e1gua morna sob o filme pl\u00e1stico por 5 a 10 minutos ajuda a ativar o creme e faz que a\u00e7\u00e3o seja mais r\u00e1pida.<\/p>\n<p>\u2014 Deixe o filme pl\u00e1stico por 50-90 minutos at\u00e9 que seja retirado pelo profissional ou por voc\u00ea mesmo antes do procedimento.<\/p>\n<p>-Retire o &#8220;Creme da TKTX&#8221; da pele com muito cuidado antes de iniciar a sess\u00e3o.<\/p>\n<p>&nbsp;<\/p>\n<h3>Como n\u00e3o usar as Pomadas Anest\u00e9sicas:<\/h3>\n<p>Prejudicam o desempenho da pomada:<\/p>\n<p>N\u00e3o usar o tubo inteiro de 10g na \u00e1rea de 15*15cm<\/p>\n<p>N\u00e3o utilizar o pl\u00e1stico protetor no local aplicado.<\/p>\n<p>Remover a pomada antes do tempo recomendado.<\/p>\n<p>N\u00e3o higienizar o local.<\/p>\n<p>Ingerir leite ou \u00e1lcool dentro de 24h antes da aplica\u00e7\u00e3o.<\/p>\n<p>E \u00e1 Tktx n\u00e3o \u00e9 adequado para uso em ambientes abaixo de 25 \u00b0 c, caso contr\u00e1rio, a pele n\u00e3o ficar\u00e1 entorpecida.<\/p>\n<p>&nbsp;<\/p>\n<h3><strong>Aviso Do Fabricante Da Tktx;<\/strong><\/h3>\n<p>Armazenar acima de 0 \u00b0 c e abaixo de 25 \u00b0 c.<\/p>\n<p>Somente para uso externo.<\/p>\n<p>Evite o creme nos olhos.<\/p>\n<p>Mantenha fora do alcance das crian\u00e7as.<\/p>\n<p>N\u00e3o coloque este produto nos anus.<\/p>\n<p>Tampe o tubo firmemente quando n\u00e3o estiver em uso.<\/p>\n<p>&nbsp;<\/p>\n<h3><strong><em>Composi\u00e7\u00e3o das Pomadas Anest\u00e9sicas?<\/em><\/strong><\/h3>\n<h3>Lidoca\u00edna:<\/h3>\n<p>Anest\u00e9sico de superf\u00edcie. Possui grande poder de penetra\u00e7\u00e3o nos tecidos da pele.<\/p>\n<h3>Priloca\u00edna:<\/h3>\n<p>Anestesia tempor\u00e1ria que causa a perda da sensa\u00e7\u00e3o do tato do local onde \u00e9 aplicada, tirando a dor inicial feita por<\/p>\n<p>agulhas.<\/p>\n<h3>Epinefrina:<\/h3>\n<p>Vasoconstritora, diminui a expuls\u00e3o de sangue durante o procedimento.<\/p>\n<h3>Benzoca\u00edna:<\/h3>\n<p>Anest\u00e9sico local de absor\u00e7\u00e3o r\u00e1pida, usada como calmante para dores, que pode ser aplicado na pele ou mucosas.<\/p>\n<p>Combina\u00e7\u00e3o das composi\u00e7\u00f5es age nas 2 camadas da pele Epiderme e \u00e1 Derme garantido seu procedimento sem dor.<\/p>\n<p>&nbsp;<\/p>\n<h3><strong><em>Qual Pomada Anest\u00e9sica \u00c9 Mais Forte?<\/em><\/strong><\/h3>\n<ol>\n<li>Pomadas anest\u00e9sicas mais forte do mercado \u00e9 a TKTX 75%! Pois ela comp\u00f5e 25% Lidoca\u00edna\u00a0e 1% Epinefrina e Vitamina E. Sendo assim \u00e9 mais forte do mercado at\u00e9 o momento de 2023.<\/li>\n<li>Segundo lugar Pomadas anest\u00e9sicas mais forte do mercado \u00e9 a TKTX 55%! Pois ela comp\u00f5e 8% Lidoca\u00edna, 8% Priloca\u00edna e 2% Epinefrina e Vitamina E.<\/li>\n<li>Terceiro lugar seria Mithra+ com 10% Lidoca\u00edna, 5% Priloca\u00edna e 1% Epinefrina.<\/li>\n<\/ol>\n<h3><\/h3>\n<h3><strong><em>Qual a diferen\u00e7a das cores da TKTX?<\/em><\/strong><\/h3>\n<p>As cores se diferenciam do ativo, esse ativo reage com uma efici\u00eancia melhor \u00e9 uma determinada caracter\u00edstica de pele.<\/p>\n<p>Caracter\u00edstica n\u00e3o quero referir a cor da pele e sim outros fatores como poros, tamanho de poros, quantidade de poros e sensibilidade da pele e muito outros fatores.<\/p>\n<p>Para saber qual cor vai ter mais efici\u00eancia para sua pele e fazendo um teste de cada cor.<\/p>\n<p>Mas \u00e9 garantindo o efeito de todas as vers\u00f5es \ud83d\ude42<\/p>\n<p>&nbsp;<\/p>\n<h3><strong>Qual a fun\u00e7\u00e3o da pomada anest\u00e9sicas TKTX (Outras)?<\/strong><\/h3>\n<p>A Pomada Anest\u00e9sicas TKTX (Outras) \u00e9 o mais revolucion\u00e1rio e eficiente m\u00e9todo para tirar 100% da dor em procedimentos est\u00e9ticos, como Tatuagens, Micropigmenta\u00e7\u00e3o, Microblading, Piercing, depila\u00e7\u00e3o a laser e a cera e muitos outros.<\/p>\n<h3><strong><em>Tktx funciona?<\/em><\/strong><\/h3>\n<p>Conclus\u00e3o. A pomada anest\u00e9sica\u00a0TKTX entre outras\u00a0\u00e9 realmente confi\u00e1vel e muito recomendada por v\u00e1rios profissionais de diversas \u00e1reas, e j\u00e1 est\u00e1 muito popular aqui no Brasil e no mundo, e tamb\u00e9m temos in\u00fameros coment\u00e1rios positivos nas redes sociais e no Reclame Aqui. Ent\u00e3o respondendo a sua pergunta TKTX funciona perfeitamente.<\/p>\n<p>&nbsp;<\/p>\n<p><strong>Pomada Anest\u00e9sica (TKTX) \u00e9 perigosa?<\/strong><\/p>\n<p>N\u00c3O. A TKTX \u00e9 uma pomada anest\u00e9sica dermatologicamente testada. Seus efeitos n\u00e3o oferecem riscos \u00e0 sa\u00fade.<\/p>\n<p>Ainda assim, recomendamos a observa\u00e7\u00e3o da composi\u00e7\u00e3o para evitar problemas em pessoas al\u00e9rgicas.<\/p>\n<h3><em>Contradi\u00e7\u00f5es para usar Pomada Anest\u00e9sicas:<\/em><\/h3>\n<p>Alergia a outros anest\u00e9sicos locais. Voc\u00ea N\u00c3O deve usar.<\/p>\n<p>&#8220;Pomada anest\u00e9sica&#8221; para cortes, arranh\u00f5es ou feridas, \u00e1reas onde h\u00e1 erup\u00e7\u00e3o cut\u00e2nea ou eczema nos olhos, ou perto deles, dentro do nariz, orelhas, boca ou \u00e2nus, \u00f3rg\u00e3os genitais.<\/p>\n<p>Baixa quantidade de pot\u00e1ssio no sangue, miastenia graves, bloqueio card\u00edaco parcial, Wolff-Parkinson-White S\u00edndrome, bloqueio card\u00edaco grave, s\u00edndrome de Adams-Stokes, fibrila\u00e7\u00e3o atrial, bradicardia sinusal, insufici\u00eancia card\u00edaca cr\u00f4nica, fun\u00e7\u00e3o pulmonar diminu\u00edda, problemas hep\u00e1ticos, choque, oxig\u00eanio diminu\u00eddo nos tecidos ou sangue, volume sangu\u00edneo diminu\u00eddo, rim cr\u00f4nico est\u00e1gio 4 da doen\u00e7a (grave).<\/p>\n<h3><em>Efeitos colaterais Pomadas Anest\u00e9sicas:<\/em><\/h3>\n<p>\u00c9 prov\u00e1vel que seus poss\u00edveis efeitos colaterais incluam incha\u00e7o ou vermelhid\u00e3o no local da aplica\u00e7\u00e3o, sensa\u00e7\u00f5es incomuns na pele ou na pele da pele.<\/p>\n<h3><em>Os efeitos colaterais RAROS:<\/em><\/h3>\n<p>Podem incluir rea\u00e7\u00f5es al\u00e9rgicas como urtic\u00e1ria, erup\u00e7\u00e3o na pele, coceira, incha\u00e7o facial e dificuldade em respirar e aperto no peito, sensa\u00e7\u00e3o de queima\u00e7\u00e3o de curta dura\u00e7\u00e3o na \u00e1rea do creme, sensa\u00e7\u00e3o de calor, frio ou dorm\u00eancia nos membros, aumento da press\u00e3o arterial, euforia, dor de cabe\u00e7a, calafrios, tremor, n\u00e1usea, hipotens\u00e3o. Sonol\u00eancia.<\/p>\n<h3><strong><em>Como testar a TKTX ou qualquer pomada anest\u00e9sica?<\/em><\/strong><\/h3>\n<p>Para utiliza\u00e7\u00e3o segura da pomada Anest\u00e9sica esse procedimento \u00e9 essencial.<\/p>\n<p>Com ele voc\u00ea saber\u00e1 se a sua pele \u00e9 compat\u00edvel ou sofrer\u00e1 algum tipo de rea\u00e7\u00e3o al\u00e9rgica ao efeito anest\u00e9sico.<\/p>\n<h3><em>Segue abaixo o passo-a-passo:<\/em><\/h3>\n<p>1. Lave uma pequena \u00e1rea no antebra\u00e7o;<\/p>\n<p>2. Passe uma pequena quantidade da pomada TKTX no seu antebra\u00e7o (cerca de 1,5 mm de espessura em 1 cm\u00b2);<\/p>\n<p>3. Fa\u00e7a a oclus\u00e3o com pl\u00e1stico filme (basta cobrir o local com o respectivo pl\u00e1stico filme);<\/p>\n<p>4. Deixe agir por 60 minutos;<\/p>\n<p>5. Lave o local de aplica\u00e7\u00e3o com \u00e1gua fria. N\u00e3o utilizar \u00e1gua morna ou quente;<\/p>\n<p>6. Aguarde por 24 horas;<\/p>\n<p>7. Verifique o local da aplica\u00e7\u00e3o e se houver irrita\u00e7\u00e3o na pele, coceira, vermelhid\u00e3o, ard\u00eancia ou outro tipo de rea\u00e7\u00e3o al\u00e9rgica no local ou em regi\u00f5es pr\u00f3ximas, n\u00e3o use o produto.<\/p>\n<h3><strong><em>ATEN\u00c7\u00c3O:<\/em><\/strong><\/h3>\n<p>Devido a sua composi\u00e7\u00e3o forte, orientamos utilizar no m\u00e1ximo 1 bisnaga por sess\u00e3o, por \u00e1rea, ao dia.<\/p>\n<p><em>IMPORTANTE:<\/em>\u00a0\u00a0EM CASO DE APARECIMENTO DE REA\u00c7\u00d5ES INDESEJ\u00c1VEIS PELO USO DO PRODUTO, PROCURE UM M\u00c9DICO.<\/p>\n<p>&nbsp;<\/p>\n<h3><strong><em>Validade Pomada Anest\u00e9sica TKTX:<\/em><\/strong><\/h3>\n<p>Enquanto fechada, a Pomada Anest\u00e9sica tem validade de 1 (um) ano at\u00e9 3 anos\u00a0partir da data de fabrica\u00e7\u00e3o.<\/p>\n<p>As nossas remessas s\u00e3o recebidas mensalmente, portando voc\u00ea pode considerar que a validade \u00e9 de 24 meses a partir do recebimento do seu pedido.<\/p>\n<p>Ap\u00f3s aberto a validade \u00e9 de 7 dias, pois dentro da bisnaga \u00e9 v\u00e1cuo e ap\u00f3s aberto os agentes entram em contato com o oxig\u00eanio, fazendo com que o creme entre em oxida\u00e7\u00e3o para uma conserva\u00e7\u00e3o melhor, guarde dentro da geladeira n\u00e3o no freezer.<\/p>\n<p>Esse \u00e9 o motivo da mudan\u00e7a de colora\u00e7\u00e3o do creme ap\u00f3s alguns dias em aberto.<\/p>\n<p>A mudan\u00e7a da colora\u00e7\u00e3o n\u00e3o quer dizer que a pomada foi perdida ou far\u00e1 algum mal. Voc\u00ea poder\u00e1 usar a TKTX normalmente, tendo a ci\u00eancia de que quanto mais o tempo passar ap\u00f3s a abertura, menor ser\u00e1 a sua efici\u00eancia.<\/p>\n<p>DICA: ap\u00f3s o uso \u00e9 aconselhado vedar bem a pomada. Para tanto basta colocar um pedacinho de pl\u00e1stico entre o bico da pomada e a tampa, apertando o m\u00e1ximo poss\u00edvel.<\/p>\n<p>&nbsp;<\/p>\n<h3><strong><em>Hist\u00f3ria da TKTX?<\/em><\/strong><\/h3>\n<p>Desde 1996, as Pomadas TKTX est\u00e3o no mercado e est\u00e3o cada vez mais bem-conceituadas. Com o avan\u00e7o, diversos produtos foram produzidos para suprir diferentes dores, diferentes horas de sess\u00f5es e tempo na pele.<\/p>\n<p>Em nosso site\u00a0voc\u00ea vai encontrar essa incr\u00edvel tecnologia das pomadas TKTX. O principal intuito do creme ao ser aplicado na pele \u00e9 que auxilia na diminui\u00e7\u00e3o de dores em procedimentos est\u00e9ticos.<\/p>\n<p>Conhe\u00e7a alguns dos processos em que a pomada anest\u00e9sica TKTX torna-se essencial:<\/p>\n<p>Sess\u00f5es de tatuagem, Micropigmenta\u00e7\u00e3o, Microblading, aplica\u00e7\u00e3o de piercing, depila\u00e7\u00e3o e muitos outros.<\/p>\n<\/div>\n","protected":false},"excerpt":{"rendered":"<p>PERGUNTAS FREQUENTES DAS POMADAS ANEST\u00c9SICAS Como usar a pomada Tktx (Pomadas Anest\u00e9sicas)\u00a0corretamente? \u2014 Esfoliar a pele e limpar a \u00e1rea [&hellip;]<\/p>\n","protected":false},"author":1,"featured_media":0,"parent":0,"menu_order":0,"comment_status":"closed","ping_status":"closed","template":"","meta":{"_regular_price":[],"currency_symbol":[],"site-sidebar-layout":"default","site-content-layout":"","ast-site-content-layout":"default","site-content-style":"default","site-sidebar-style":"default","ast-global-header-display":"","ast-banner-title-visibility":"","ast-main-header-display":"","ast-hfb-above-header-display":"","ast-hfb-below-header-display":"","ast-hfb-mobile-header-display":"","site-post-title":"","ast-breadcrumbs-content":"","ast-featured-img":"","footer-sml-layout":"","ast-disable-related-posts":"","theme-transparent-header-meta":"default","adv-header-id-meta":"","stick-header-meta":"","header-above-stick-meta":"","header-main-stick-meta":"","header-below-stick-meta":"","astra-migrate-meta-layouts":"set","ast-page-background-enabled":"default","ast-page-background-meta":{"desktop":{"background-color":"var(--ast-global-color-5)","background-image":"","background-repeat":"repeat","background-position":"center center","background-size":"auto","background-attachment":"scroll","background-type":"","background-media":"","overlay-type":"","overlay-color":"","overlay-opacity":"","overlay-gradient":""},"tablet":{"background-color":"","background-image":"","background-repeat":"repeat","background-position":"center center","background-size":"auto","background-attachment":"scroll","background-type":"","background-media":"","overlay-type":"","overlay-color":"","overlay-opacity":"","overlay-gradient":""},"mobile":{"background-color":"","background-image":"","background-repeat":"repeat","background-position":"center center","background-size":"auto","background-attachment":"scroll","background-type":"","background-media":"","overlay-type":"","overlay-color":"","overlay-opacity":"","overlay-gradient":""}},"ast-content-background-meta":{"desktop":{"background-color":"var(--ast-global-color-4)","background-image":"","background-repeat":"repeat","background-position":"center center","background-size":"auto","background-attachment":"scroll","background-type":"","background-media":"","overlay-type":"","overlay-color":"","overlay-opacity":"","overlay-gradient":""},"tablet":{"background-color":"var(--ast-global-color-4)","background-image":"","background-repeat":"repeat","background-position":"center center","background-size":"auto","background-attachment":"scroll","background-type":"","background-media":"","overlay-type":"","overlay-color":"","overlay-opacity":"","overlay-gradient":""},"mobile":{"background-color":"var(--ast-global-color-4)","background-image":"","background-repeat":"repeat","background-position":"center center","background-size":"auto","background-attachment":"scroll","background-type":"","background-media":"","overlay-type":"","overlay-color":"","overlay-opacity":"","overlay-gradient":""}},"footnotes":""},"class_list":["post-1221","page","type-page","status-publish","hentry"],"post_slider_layout_featured_media_urls":{"thumbnail":"","post_slider_layout_landscape_large":"","post_slider_layout_portrait_large":"","post_slider_layout_square_large":"","post_slider_layout_landscape":"","post_slider_layout_portrait":"","post_slider_layout_square":"","full":""},"_links":{"self":[{"href":"https:\/\/temktemx.com.br\/home\/wp-json\/wp\/v2\/pages\/1221","targetHints":{"allow":["GET"]}}],"collection":[{"href":"https:\/\/temktemx.com.br\/home\/wp-json\/wp\/v2\/pages"}],"about":[{"href":"https:\/\/temktemx.com.br\/home\/wp-json\/wp\/v2\/types\/page"}],"author":[{"embeddable":true,"href":"https:\/\/temktemx.com.br\/home\/wp-json\/wp\/v2\/users\/1"}],"replies":[{"embeddable":true,"href":"https:\/\/temktemx.com.br\/home\/wp-json\/wp\/v2\/comments?post=1221"}],"version-history":[{"count":1,"href":"https:\/\/temktemx.com.br\/home\/wp-json\/wp\/v2\/pages\/1221\/revisions"}],"predecessor-version":[{"id":1222,"href":"https:\/\/temktemx.com.br\/home\/wp-json\/wp\/v2\/pages\/1221\/revisions\/1222"}],"wp:attachment":[{"href":"https:\/\/temktemx.com.br\/home\/wp-json\/wp\/v2\/media?parent=1221"}],"curies":[{"name":"wp","href":"https:\/\/api.w.org\/{rel}","templated":true}]}}