{"id":1306,"date":"2025-10-15T12:56:57","date_gmt":"2025-10-15T15:56:57","guid":{"rendered":"https:\/\/temktemx.com.br\/home\/produto\/kit-2-pomadas-rambo-95-original-conforto-maximo-para-quem-vive-a-arte-na-pele-02\/"},"modified":"2026-02-24T12:35:26","modified_gmt":"2026-02-24T15:35:26","slug":"kit-2-pomadas-rambo-95-original-conforto-maximo-para-quem-vive-a-arte-na-pele-02","status":"publish","type":"product","link":"https:\/\/temktemx.com.br\/home\/produto\/kit-2-pomadas-rambo-95-original-conforto-maximo-para-quem-vive-a-arte-na-pele-02\/","title":{"rendered":"Kit 2 Pomadas Rambo 95% Original \u2013 Conforto M\u00e1ximo para Quem Vive a Arte na Pele! &#8211; 02"},"content":{"rendered":"","protected":false},"excerpt":{"rendered":"<h3 data-start=\"389\" data-end=\"470\">Kit com 2 Pomadas Rambo 95% Original \u2013 Conforto M\u00e1ximo para Quem Vive a Arte na Pele!<\/h3>\n<p data-start=\"472\" data-end=\"717\">Voc\u00ea ama tatuagens, mas n\u00e3o curte a parte da dor? A <strong data-start=\"524\" data-end=\"544\">Pomada Rambo 95%<\/strong> \u00e9 a escolha de quem busca uma <strong data-start=\"575\" data-end=\"637\">sensa\u00e7\u00e3o de al\u00edvio e conforto durante o processo de tatuar<\/strong>, com uma f\u00f3rmula poderosa que proporciona uma experi\u00eancia muito mais tranquila.<\/p>\n<p data-start=\"719\" data-end=\"762\">???? <strong data-start=\"722\" data-end=\"762\">Por que escolher a Pomada Rambo 95%?<\/strong><\/p>\n<ul data-start=\"763\" data-end=\"966\">\n<li data-start=\"763\" data-end=\"804\">\n<p data-start=\"765\" data-end=\"804\">Alta concentra\u00e7\u00e3o para a\u00e7\u00e3o intensiva<\/p>\n<\/li>\n<li data-start=\"805\" data-end=\"857\">\n<p data-start=\"807\" data-end=\"857\">Sensa\u00e7\u00e3o calmante na pele durante o procedimento<\/p>\n<\/li>\n<li data-start=\"858\" data-end=\"899\">\n<p data-start=\"860\" data-end=\"899\">Ideal para sess\u00f5es longas de tatuagem<\/p>\n<\/li>\n<li data-start=\"900\" data-end=\"935\">\n<p data-start=\"902\" data-end=\"935\">Textura leve e f\u00e1cil de aplicar<\/p>\n<\/li>\n<li data-start=\"936\" data-end=\"966\">\n<p data-start=\"938\" data-end=\"966\">Embalagem discreta e pr\u00e1tica<\/p>\n<\/li>\n<\/ul>\n<p data-start=\"968\" data-end=\"989\">???? <strong data-start=\"971\" data-end=\"989\">Indicada para:<\/strong><\/p>\n<ul data-start=\"990\" data-end=\"1115\">\n<li data-start=\"990\" data-end=\"1021\">\n<p data-start=\"992\" data-end=\"1021\">Uso profissional ou pessoal<\/p>\n<\/li>\n<li data-start=\"1022\" data-end=\"1078\">\n<p data-start=\"1024\" data-end=\"1078\">Aplica\u00e7\u00e3o antes do procedimento, conforme orienta\u00e7\u00e3o enviada junto ao produtos<\/p>\n<\/li>\n<li data-start=\"1079\" data-end=\"1115\">\n<p data-start=\"1081\" data-end=\"1115\">Perfeita para \u00e1reas mais sens\u00edveis<\/p>\n<\/li>\n<\/ul>\n<p data-start=\"1117\" data-end=\"1226\">\u26a0\ufe0f Produto de uso externo. N\u00e3o \u00e9 medicamento. Leia o r\u00f3tulo antes de aplicar. Uso indicado por profissionais.<\/p>\n<hr data-start=\"1228\" data-end=\"1231\" \/>\n<p data-start=\"1233\" data-end=\"1309\">???? Envio imediato | \u2b50 Milhares de clientes satisfeitos | ???? Embalagem segura<\/p>\n<p data-start=\"1311\" data-end=\"1408\"><strong data-start=\"1311\" data-end=\"1408\">N\u00e3o deixe a dor atrapalhar sua arte. Pomada Rambo 95%: sua melhor aliada na sess\u00e3o de tattoo!<\/strong><\/p>\n<p>\u00a0<\/p>\n","protected":false},"featured_media":1305,"template":"","meta":{"_regular_price":["119.9000000000"],"currency_symbol":[],"site-sidebar-layout":"default","site-content-layout":"","ast-site-content-layout":"default","site-content-style":"default","site-sidebar-style":"default","ast-global-header-display":"","ast-banner-title-visibility":"","ast-main-header-display":"","ast-hfb-above-header-display":"","ast-hfb-below-header-display":"","ast-hfb-mobile-header-display":"","site-post-title":"","ast-breadcrumbs-content":"","ast-featured-img":"","footer-sml-layout":"","ast-disable-related-posts":"","theme-transparent-header-meta":"","adv-header-id-meta":"","stick-header-meta":"","header-above-stick-meta":"","header-main-stick-meta":"","header-below-stick-meta":"","astra-migrate-meta-layouts":"default","ast-page-background-enabled":"default","ast-page-background-meta":{"desktop":{"background-color":"var(--ast-global-color-5)","background-image":"","background-repeat":"repeat","background-position":"center center","background-size":"auto","background-attachment":"scroll","background-type":"","background-media":"","overlay-type":"","overlay-color":"","overlay-opacity":"","overlay-gradient":""},"tablet":{"background-color":"","background-image":"","background-repeat":"repeat","background-position":"center center","background-size":"auto","background-attachment":"scroll","background-type":"","background-media":"","overlay-type":"","overlay-color":"","overlay-opacity":"","overlay-gradient":""},"mobile":{"background-color":"","background-image":"","background-repeat":"repeat","background-position":"center center","background-size":"auto","background-attachment":"scroll","background-type":"","background-media":"","overlay-type":"","overlay-color":"","overlay-opacity":"","overlay-gradient":""}},"ast-content-background-meta":{"desktop":{"background-color":"var(--ast-global-color-4)","background-image":"","background-repeat":"repeat","background-position":"center center","background-size":"auto","background-attachment":"scroll","background-type":"","background-media":"","overlay-type":"","overlay-color":"","overlay-opacity":"","overlay-gradient":""},"tablet":{"background-color":"var(--ast-global-color-4)","background-image":"","background-repeat":"repeat","background-position":"center center","background-size":"auto","background-attachment":"scroll","background-type":"","background-media":"","overlay-type":"","overlay-color":"","overlay-opacity":"","overlay-gradient":""},"mobile":{"background-color":"var(--ast-global-color-4)","background-image":"","background-repeat":"repeat","background-position":"center center","background-size":"auto","background-attachment":"scroll","background-type":"","background-media":"","overlay-type":"","overlay-color":"","overlay-opacity":"","overlay-gradient":""}}},"product_brand":[],"product_cat":[85],"product_tag":[],"class_list":{"0":"post-1306","1":"product","2":"type-product","3":"status-publish","4":"has-post-thumbnail","6":"product_cat-pomadas","7":"desktop-align-center","8":"tablet-align-left","9":"mobile-align-left","11":"first","12":"instock","13":"shipping-taxable","14":"purchasable","15":"product-type-simple"},"post_slider_layout_featured_media_urls":{"thumbnail":["https:\/\/temktemx.com.br\/home\/wp-content\/uploads\/2025\/10\/15350379346-rambo-95-kit-2-280x280.jpg",280,280,true],"post_slider_layout_landscape_large":["https:\/\/temktemx.com.br\/home\/wp-content\/uploads\/2025\/10\/15350379346-rambo-95-kit-2-1200x800.jpg",1200,800,true],"post_slider_layout_portrait_large":["https:\/\/temktemx.com.br\/home\/wp-content\/uploads\/2025\/10\/15350379346-rambo-95-kit-2.jpg",1200,1200,false],"post_slider_layout_square_large":["https:\/\/temktemx.com.br\/home\/wp-content\/uploads\/2025\/10\/15350379346-rambo-95-kit-2.jpg",1200,1200,false],"post_slider_layout_landscape":["https:\/\/temktemx.com.br\/home\/wp-content\/uploads\/2025\/10\/15350379346-rambo-95-kit-2-600x400.jpg",600,400,true],"post_slider_layout_portrait":["https:\/\/temktemx.com.br\/home\/wp-content\/uploads\/2025\/10\/15350379346-rambo-95-kit-2-600x900.jpg",600,900,true],"post_slider_layout_square":["https:\/\/temktemx.com.br\/home\/wp-content\/uploads\/2025\/10\/15350379346-rambo-95-kit-2-600x600.jpg",600,600,true],"full":["https:\/\/temktemx.com.br\/home\/wp-content\/uploads\/2025\/10\/15350379346-rambo-95-kit-2.jpg",1200,1200,false]},"_links":{"self":[{"href":"https:\/\/temktemx.com.br\/home\/wp-json\/wp\/v2\/product\/1306","targetHints":{"allow":["GET"]}}],"collection":[{"href":"https:\/\/temktemx.com.br\/home\/wp-json\/wp\/v2\/product"}],"about":[{"href":"https:\/\/temktemx.com.br\/home\/wp-json\/wp\/v2\/types\/product"}],"wp:featuredmedia":[{"embeddable":true,"href":"https:\/\/temktemx.com.br\/home\/wp-json\/wp\/v2\/media\/1305"}],"wp:attachment":[{"href":"https:\/\/temktemx.com.br\/home\/wp-json\/wp\/v2\/media?parent=1306"}],"wp:term":[{"taxonomy":"product_brand","embeddable":true,"href":"https:\/\/temktemx.com.br\/home\/wp-json\/wp\/v2\/product_brand?post=1306"},{"taxonomy":"product_cat","embeddable":true,"href":"https:\/\/temktemx.com.br\/home\/wp-json\/wp\/v2\/product_cat?post=1306"},{"taxonomy":"product_tag","embeddable":true,"href":"https:\/\/temktemx.com.br\/home\/wp-json\/wp\/v2\/product_tag?post=1306"}],"curies":[{"name":"wp","href":"https:\/\/api.w.org\/{rel}","templated":true}]}}