{"id":1310,"date":"2025-10-15T13:02:51","date_gmt":"2025-10-15T16:02:51","guid":{"rendered":"https:\/\/temktemx.com.br\/home\/produto\/kit-2-pomadas-eye-anesthetic-cream-estetica\/"},"modified":"2026-03-24T11:38:31","modified_gmt":"2026-03-24T14:38:31","slug":"kit-2-pomadas-eye-anesthetic-cream-estetica","status":"publish","type":"product","link":"https:\/\/temktemx.com.br\/home\/produto\/kit-2-pomadas-eye-anesthetic-cream-estetica\/","title":{"rendered":"Kit 2 pomadas Eye Anesthetic Cream Est\u00e9tica"},"content":{"rendered":"","protected":false},"excerpt":{"rendered":"<p><strong>Pedidos feitos at\u00e9 as 12H, ser\u00e3o postados no mesmo dia.<\/strong><\/p>\n<p>\u00a0<\/p>\n<p><strong>Eye Anesthetic Cream<\/strong>, o anest\u00e9sico mais usado em clinicas de est\u00e9tica de todo Brasil. Elimina a dor e torna todos os procedimentos tranquilos. Com esse anest\u00e9sico voc\u00ea poder\u00e1 fazer micropigmenta\u00e7\u00e3o, tatuagem de corre\u00e7\u00e3o de sobrancelhas, microagulhamento entre outros do mesmo seguimento.<\/p>\n<p>\u00a0<\/p>\n<p><strong>ESPECIFICA\u00c7\u00d5ES:<\/strong><\/p>\n<p>\u00a0<\/p>\n<p>\u2013 \u00c1rea m\u00e1xima de cobertura: 15x15cm\u00b2 (Para uso em tatuagens)<\/p>\n<p>\u2013 Tempo de dura\u00e7\u00e3o: 2h com efeito m\u00e1ximo.<\/p>\n<p>\u2013 Garantias: Produto original, com lacre nos dois lados da caixa e tubo tamb\u00e9m lacrado.<\/p>\n<p>\u00a0<\/p>\n<p>COMO APLICAR CORRETAMENTE:<\/p>\n<p>\u00a0<\/p>\n<p>\u2013 Higienize o local da aplica\u00e7\u00e3o com agua e sab\u00e3o.<\/p>\n<p>\u2013 Durante a higieniza\u00e7\u00e3o, fa\u00e7a uso de uma bucha vegetal ou outra semelhante para realizar uma LEVE esfolia\u00e7\u00e3o no local.<\/p>\n<p>\u2013 Seque bem o local da aplica\u00e7\u00e3o.<\/p>\n<p>\u2013 Aplique o produto respeitando a \u00e1rea m\u00e1xima de cobertura e cubra com um filme pl\u00e1stico por pelo menos 30 minutos antes da sess\u00e3o.<\/p>\n<p>\u2013 Ap\u00f3s o tempo recomendado, retire o filme e remova o creme da pele com o auxilio de um papel higi\u00eanico ou semelhante.<\/p>\n<p>\u00a0<\/p>\n<p>Eye Anesthetic Cream \u00e9 a escolha ideal para quem busca conforto durante o processo de tatuagem. Com sua f\u00f3rmula hipoalerg\u00eanica, \u00e9 especialmente desenvolvida para ELIMINAR a sensa\u00e7\u00e3o de dor, permitindo que voc\u00ea aproveite a experi\u00eancia de forma tranquila e indolor.<\/p>\n<p>\u00a0<\/p>\n<p>\u00a0<\/p>\n<p>\u00a0<\/p>\n","protected":false},"featured_media":1307,"template":"","meta":{"_regular_price":["119.9000000000"],"currency_symbol":[],"site-sidebar-layout":"default","site-content-layout":"","ast-site-content-layout":"default","site-content-style":"default","site-sidebar-style":"default","ast-global-header-display":"","ast-banner-title-visibility":"","ast-main-header-display":"","ast-hfb-above-header-display":"","ast-hfb-below-header-display":"","ast-hfb-mobile-header-display":"","site-post-title":"","ast-breadcrumbs-content":"","ast-featured-img":"","footer-sml-layout":"","ast-disable-related-posts":"","theme-transparent-header-meta":"","adv-header-id-meta":"","stick-header-meta":"","header-above-stick-meta":"","header-main-stick-meta":"","header-below-stick-meta":"","astra-migrate-meta-layouts":"default","ast-page-background-enabled":"default","ast-page-background-meta":{"desktop":{"background-color":"var(--ast-global-color-5)","background-image":"","background-repeat":"repeat","background-position":"center center","background-size":"auto","background-attachment":"scroll","background-type":"","background-media":"","overlay-type":"","overlay-color":"","overlay-opacity":"","overlay-gradient":""},"tablet":{"background-color":"","background-image":"","background-repeat":"repeat","background-position":"center center","background-size":"auto","background-attachment":"scroll","background-type":"","background-media":"","overlay-type":"","overlay-color":"","overlay-opacity":"","overlay-gradient":""},"mobile":{"background-color":"","background-image":"","background-repeat":"repeat","background-position":"center center","background-size":"auto","background-attachment":"scroll","background-type":"","background-media":"","overlay-type":"","overlay-color":"","overlay-opacity":"","overlay-gradient":""}},"ast-content-background-meta":{"desktop":{"background-color":"var(--ast-global-color-4)","background-image":"","background-repeat":"repeat","background-position":"center center","background-size":"auto","background-attachment":"scroll","background-type":"","background-media":"","overlay-type":"","overlay-color":"","overlay-opacity":"","overlay-gradient":""},"tablet":{"background-color":"var(--ast-global-color-4)","background-image":"","background-repeat":"repeat","background-position":"center center","background-size":"auto","background-attachment":"scroll","background-type":"","background-media":"","overlay-type":"","overlay-color":"","overlay-opacity":"","overlay-gradient":""},"mobile":{"background-color":"var(--ast-global-color-4)","background-image":"","background-repeat":"repeat","background-position":"center center","background-size":"auto","background-attachment":"scroll","background-type":"","background-media":"","overlay-type":"","overlay-color":"","overlay-opacity":"","overlay-gradient":""}}},"product_brand":[],"product_cat":[85],"product_tag":[],"class_list":{"0":"post-1310","1":"product","2":"type-product","3":"status-publish","4":"has-post-thumbnail","6":"product_cat-pomadas","7":"desktop-align-center","8":"tablet-align-left","9":"mobile-align-left","11":"first","12":"instock","13":"shipping-taxable","14":"purchasable","15":"product-type-simple"},"post_slider_layout_featured_media_urls":{"thumbnail":["https:\/\/temktemx.com.br\/home\/wp-content\/uploads\/2025\/10\/15369731497-15362378360-d-nq-np-2x-611567-mlb84058321270-052025-f-280x280.webp",280,280,true],"post_slider_layout_landscape_large":["https:\/\/temktemx.com.br\/home\/wp-content\/uploads\/2025\/10\/15369731497-15362378360-d-nq-np-2x-611567-mlb84058321270-052025-f-1142x800.webp",1142,800,true],"post_slider_layout_portrait_large":["https:\/\/temktemx.com.br\/home\/wp-content\/uploads\/2025\/10\/15369731497-15362378360-d-nq-np-2x-611567-mlb84058321270-052025-f.webp",1142,1200,false],"post_slider_layout_square_large":["https:\/\/temktemx.com.br\/home\/wp-content\/uploads\/2025\/10\/15369731497-15362378360-d-nq-np-2x-611567-mlb84058321270-052025-f.webp",1142,1200,false],"post_slider_layout_landscape":["https:\/\/temktemx.com.br\/home\/wp-content\/uploads\/2025\/10\/15369731497-15362378360-d-nq-np-2x-611567-mlb84058321270-052025-f-600x400.webp",600,400,true],"post_slider_layout_portrait":["https:\/\/temktemx.com.br\/home\/wp-content\/uploads\/2025\/10\/15369731497-15362378360-d-nq-np-2x-611567-mlb84058321270-052025-f-600x900.webp",600,900,true],"post_slider_layout_square":["https:\/\/temktemx.com.br\/home\/wp-content\/uploads\/2025\/10\/15369731497-15362378360-d-nq-np-2x-611567-mlb84058321270-052025-f-600x600.webp",600,600,true],"full":["https:\/\/temktemx.com.br\/home\/wp-content\/uploads\/2025\/10\/15369731497-15362378360-d-nq-np-2x-611567-mlb84058321270-052025-f.webp",1142,1200,false]},"_links":{"self":[{"href":"https:\/\/temktemx.com.br\/home\/wp-json\/wp\/v2\/product\/1310","targetHints":{"allow":["GET"]}}],"collection":[{"href":"https:\/\/temktemx.com.br\/home\/wp-json\/wp\/v2\/product"}],"about":[{"href":"https:\/\/temktemx.com.br\/home\/wp-json\/wp\/v2\/types\/product"}],"wp:featuredmedia":[{"embeddable":true,"href":"https:\/\/temktemx.com.br\/home\/wp-json\/wp\/v2\/media\/1307"}],"wp:attachment":[{"href":"https:\/\/temktemx.com.br\/home\/wp-json\/wp\/v2\/media?parent=1310"}],"wp:term":[{"taxonomy":"product_brand","embeddable":true,"href":"https:\/\/temktemx.com.br\/home\/wp-json\/wp\/v2\/product_brand?post=1310"},{"taxonomy":"product_cat","embeddable":true,"href":"https:\/\/temktemx.com.br\/home\/wp-json\/wp\/v2\/product_cat?post=1310"},{"taxonomy":"product_tag","embeddable":true,"href":"https:\/\/temktemx.com.br\/home\/wp-json\/wp\/v2\/product_tag?post=1310"}],"curies":[{"name":"wp","href":"https:\/\/api.w.org\/{rel}","templated":true}]}}