{"id":892,"date":"2025-05-14T14:54:29","date_gmt":"2025-05-14T17:54:29","guid":{"rendered":"https:\/\/temktemx.com.br\/home\/produto\/kit-2-neo-100-pomada-anestesica-para-tatuagem-promocao\/"},"modified":"2026-02-13T18:15:48","modified_gmt":"2026-02-13T21:15:48","slug":"kit-2-neo-100-pomada-anestesica-para-tatuagem-promocao","status":"publish","type":"product","link":"https:\/\/temktemx.com.br\/home\/produto\/kit-2-neo-100-pomada-anestesica-para-tatuagem-promocao\/","title":{"rendered":"Kit 2 Neo 100% Pomada Anest\u00e9sica Para Tatuagem  &#8211; Promo\u00e7\u00e3o"},"content":{"rendered":"<p><strong>&gt;&gt;&gt; O QUE \u00c9RA BOM, FICOU AINDA MELHOR! &lt;&lt;&lt;<\/strong><\/p>\n<p>\u00a0<\/p>\n<p>PEDIDOS CONFIRMADOS AT\u00c9 AS 12H, SER\u00c3O ENVIADOS NO MESMO DIA!<\/p>\n<p>\u00a0<\/p>\n<p>Com uma f\u00f3rmula hipoalerg\u00eanica, este produto \u00e9 especialmente desenvolvido para minimizar irrita\u00e7\u00f5es, proporcionando uma experi\u00eancia mais suave e agrad\u00e1vel. A pomada possui propriedades hidratantes que ajudam a manter a pele nutrida, promovendo uma cicatriza\u00e7\u00e3o mais r\u00e1pida e eficaz.<\/p>\n<p>\u00a0<\/p>\n<p>ESPECIFICA\u00c7\u00d5ES:<\/p>\n<p>&#8211; N\u00e3o altera a cor da tatuagem.<\/p>\n<p>&#8211; \u00c1rea m\u00e1xima de cobertura: 15x15cm\u00b2<\/p>\n<p>&#8211; Tempo de dura\u00e7\u00e3o ainda maior<\/p>\n<p>&#8211; Produto original, com lacre nos dois lados da caixa e tubo lacrado.<\/p>\n<p>\u00a0<\/p>\n<p>Estamos oferecendo esta promo\u00e7\u00e3o exclusiva para melhorar a visibilidade do produto e receber feedbacks valiosos dos nossos clientes.<\/p>\n<p>\u00a0<\/p>\n<p>COMO APLICAR CORRETAMENTE:<\/p>\n<p>\u00a0<\/p>\n<p>&#8211; Higienize o local da aplica\u00e7\u00e3o com agua e sab\u00e3o.<\/p>\n<p>&#8211; Durante a higieniza\u00e7\u00e3o, fa\u00e7a uso de uma bucha vegetal ou outra semelhante para realizar uma LEVE esfolia\u00e7\u00e3o no local.<\/p>\n<p>&#8211; Seque bem o local da aplica\u00e7\u00e3o.<\/p>\n<p>&#8211; Aplique o produto respeitando a \u00e1rea m\u00e1xima de cobertura e cubra com um filme pl\u00e1stico por pelo menos 50 minutos antes da sess\u00e3o.<\/p>\n<p>&#8211; Ap\u00f3s o tempo recomendado, retire o filme e remova o creme da pele com o auxilio de um papel higi\u00eanico ou semelhante.<\/p>\n<p>\u00a0<\/p>\n<p>Em breve, o pre\u00e7o vai subir!<\/p>\n<p>\u00a0<\/p>\n<p>Garanta a sua agora mesmo!<\/p>\n","protected":false},"excerpt":{"rendered":"<p><strong>&gt;&gt;&gt; O QUE \u00c9RA BOM, FICOU AINDA MELHOR! &lt;&lt;&lt;<\/strong><\/p>\n<p>\u00a0<\/p>\n<p>PEDIDOS CONFIRMADOS AT\u00c9 AS 12H, SER\u00c3O ENVIADOS NO MESMO DIA!<\/p>\n<p>\u00a0<\/p>\n<p>Com uma f\u00f3rmula hipoalerg\u00eanica, este produto \u00e9 especialmente desenvolvido para minimizar irrita\u00e7\u00f5es, proporcionando uma experi\u00eancia mais suave e agrad\u00e1vel. A pomada possui propriedades hidratantes que ajudam a manter a pele nutrida, promovendo uma cicatriza\u00e7\u00e3o mais r\u00e1pida e eficaz.<\/p>\n<p>\u00a0<\/p>\n<p>ESPECIFICA\u00c7\u00d5ES:<\/p>\n<p>&#8211; N\u00e3o altera a cor da tatuagem.<\/p>\n<p>&#8211; \u00c1rea m\u00e1xima de cobertura: 15x15cm\u00b2<\/p>\n<p>&#8211; Tempo de dura\u00e7\u00e3o ainda maior<\/p>\n<p>&#8211; Produto original, com lacre nos dois lados da caixa e tubo lacrado.<\/p>\n<p>\u00a0<\/p>\n<p>Estamos oferecendo esta promo\u00e7\u00e3o exclusiva para melhorar a visibilidade do produto e receber feedbacks valiosos dos nossos clientes.<\/p>\n<p>\u00a0<\/p>\n<p>COMO APLICAR CORRETAMENTE:<\/p>\n<p>\u00a0<\/p>\n<p>&#8211; Higienize o local da aplica\u00e7\u00e3o com agua e sab\u00e3o.<\/p>\n<p>&#8211; Durante a higieniza\u00e7\u00e3o, fa\u00e7a uso de uma bucha vegetal ou outra semelhante para realizar uma LEVE esfolia\u00e7\u00e3o no local.<\/p>\n<p>&#8211; Seque bem o local da aplica\u00e7\u00e3o.<\/p>\n<p>&#8211; Aplique o produto respeitando a \u00e1rea m\u00e1xima de cobertura e cubra com um filme pl\u00e1stico por pelo menos 50 minutos antes da sess\u00e3o.<\/p>\n<p>&#8211; Ap\u00f3s o tempo recomendado, retire o filme e remova o creme da pele com o auxilio de um papel higi\u00eanico ou semelhante.<\/p>\n<p>\u00a0<\/p>\n<p>Em breve, o pre\u00e7o vai subir!<\/p>\n<p>\u00a0<\/p>\n<p>Garanta a sua agora mesmo!<\/p>\n","protected":false},"featured_media":1160,"template":"","meta":{"_regular_price":["139.9000000000"],"currency_symbol":[],"site-sidebar-layout":"default","site-content-layout":"","ast-site-content-layout":"default","site-content-style":"default","site-sidebar-style":"default","ast-global-header-display":"","ast-banner-title-visibility":"","ast-main-header-display":"","ast-hfb-above-header-display":"","ast-hfb-below-header-display":"","ast-hfb-mobile-header-display":"","site-post-title":"","ast-breadcrumbs-content":"","ast-featured-img":"","footer-sml-layout":"","ast-disable-related-posts":"","theme-transparent-header-meta":"","adv-header-id-meta":"","stick-header-meta":"","header-above-stick-meta":"","header-main-stick-meta":"","header-below-stick-meta":"","astra-migrate-meta-layouts":"default","ast-page-background-enabled":"default","ast-page-background-meta":{"desktop":{"background-color":"var(--ast-global-color-5)","background-image":"","background-repeat":"repeat","background-position":"center center","background-size":"auto","background-attachment":"scroll","background-type":"","background-media":"","overlay-type":"","overlay-color":"","overlay-opacity":"","overlay-gradient":""},"tablet":{"background-color":"","background-image":"","background-repeat":"repeat","background-position":"center center","background-size":"auto","background-attachment":"scroll","background-type":"","background-media":"","overlay-type":"","overlay-color":"","overlay-opacity":"","overlay-gradient":""},"mobile":{"background-color":"","background-image":"","background-repeat":"repeat","background-position":"center center","background-size":"auto","background-attachment":"scroll","background-type":"","background-media":"","overlay-type":"","overlay-color":"","overlay-opacity":"","overlay-gradient":""}},"ast-content-background-meta":{"desktop":{"background-color":"var(--ast-global-color-4)","background-image":"","background-repeat":"repeat","background-position":"center center","background-size":"auto","background-attachment":"scroll","background-type":"","background-media":"","overlay-type":"","overlay-color":"","overlay-opacity":"","overlay-gradient":""},"tablet":{"background-color":"var(--ast-global-color-4)","background-image":"","background-repeat":"repeat","background-position":"center center","background-size":"auto","background-attachment":"scroll","background-type":"","background-media":"","overlay-type":"","overlay-color":"","overlay-opacity":"","overlay-gradient":""},"mobile":{"background-color":"var(--ast-global-color-4)","background-image":"","background-repeat":"repeat","background-position":"center center","background-size":"auto","background-attachment":"scroll","background-type":"","background-media":"","overlay-type":"","overlay-color":"","overlay-opacity":"","overlay-gradient":""}}},"product_brand":[26],"product_cat":[85],"product_tag":[],"class_list":{"0":"post-892","1":"product","2":"type-product","3":"status-publish","4":"has-post-thumbnail","6":"product_brand-tktx","7":"product_cat-pomadas","8":"desktop-align-center","9":"tablet-align-left","10":"mobile-align-left","12":"first","13":"instock","14":"shipping-taxable","15":"purchasable","16":"product-type-simple"},"post_slider_layout_featured_media_urls":{"thumbnail":["https:\/\/temktemx.com.br\/home\/wp-content\/uploads\/2025\/06\/15347804587-d-759470-mlb84579563319-052025-o-280x280.jpg",280,280,true],"post_slider_layout_landscape_large":["https:\/\/temktemx.com.br\/home\/wp-content\/uploads\/2025\/06\/15347804587-d-759470-mlb84579563319-052025-o.jpg",500,500,false],"post_slider_layout_portrait_large":["https:\/\/temktemx.com.br\/home\/wp-content\/uploads\/2025\/06\/15347804587-d-759470-mlb84579563319-052025-o.jpg",500,500,false],"post_slider_layout_square_large":["https:\/\/temktemx.com.br\/home\/wp-content\/uploads\/2025\/06\/15347804587-d-759470-mlb84579563319-052025-o.jpg",500,500,false],"post_slider_layout_landscape":["https:\/\/temktemx.com.br\/home\/wp-content\/uploads\/2025\/06\/15347804587-d-759470-mlb84579563319-052025-o-500x400.jpg",500,400,true],"post_slider_layout_portrait":["https:\/\/temktemx.com.br\/home\/wp-content\/uploads\/2025\/06\/15347804587-d-759470-mlb84579563319-052025-o.jpg",500,500,false],"post_slider_layout_square":["https:\/\/temktemx.com.br\/home\/wp-content\/uploads\/2025\/06\/15347804587-d-759470-mlb84579563319-052025-o.jpg",500,500,false],"full":["https:\/\/temktemx.com.br\/home\/wp-content\/uploads\/2025\/06\/15347804587-d-759470-mlb84579563319-052025-o.jpg",500,500,false]},"_links":{"self":[{"href":"https:\/\/temktemx.com.br\/home\/wp-json\/wp\/v2\/product\/892","targetHints":{"allow":["GET"]}}],"collection":[{"href":"https:\/\/temktemx.com.br\/home\/wp-json\/wp\/v2\/product"}],"about":[{"href":"https:\/\/temktemx.com.br\/home\/wp-json\/wp\/v2\/types\/product"}],"wp:featuredmedia":[{"embeddable":true,"href":"https:\/\/temktemx.com.br\/home\/wp-json\/wp\/v2\/media\/1160"}],"wp:attachment":[{"href":"https:\/\/temktemx.com.br\/home\/wp-json\/wp\/v2\/media?parent=892"}],"wp:term":[{"taxonomy":"product_brand","embeddable":true,"href":"https:\/\/temktemx.com.br\/home\/wp-json\/wp\/v2\/product_brand?post=892"},{"taxonomy":"product_cat","embeddable":true,"href":"https:\/\/temktemx.com.br\/home\/wp-json\/wp\/v2\/product_cat?post=892"},{"taxonomy":"product_tag","embeddable":true,"href":"https:\/\/temktemx.com.br\/home\/wp-json\/wp\/v2\/product_tag?post=892"}],"curies":[{"name":"wp","href":"https:\/\/api.w.org\/{rel}","templated":true}]}}